(-12)/j)/((-9)/(-63)).
2, 3
Suppose -5*h = 2*g - 446, h - 4*h + 3*g + 276 = 0. Let s = -55 + h. List the prime factors of s.
5, 7
Let q = 215 + -150. Let w be 104/q*10/4. Suppose c - w*c = -33. List the prime factors of c.
11
List the prime factors of ((-2794)/(-3) - -2) + (-58)/(-87).
2, 467
Let y(u) = 349*u - 45. What are the prime factors of y(1)?
2, 19
Suppose -8749 = -17*o + 3423. Let d = o + -424. List the prime factors of d.
2, 73
Suppose -u + 8 = p, -3*p = -0*p - u - 36. Let a(g) = g**3 - 11*g**2 - g - 13. Let i be a(p). Let d = -6 - i. What are the prime factors of d?
2, 3
Suppose 4*f - f = -s + 3310, -s = 5*f - 5520. What are the prime factors of f?
5, 13, 17
Let v = -57 + 247. What are the prime factors of v?
2, 5, 19
Let z = -347 - -518. List the prime factors of z.
3, 19
Let t be (1/5)/((-9)/(-225)). Suppose -4*w + 275 = t*s - 0*w, 5*w - 25 = 0. List the prime factors of s.
3, 17
Let b be -1 + 1 - 1*63. Let o(f) = 4*f**3 + f**2 + f - 7. Let t be o(-3). Let y = b - t. What are the prime factors of y?
2, 23
Let z(p) = 4*p**3 + 6*p**2 - 27*p + 19. List the prime factors of z(7).
2, 11, 17
Let n be 0*4/(-1 - 3). Let s be -7 + 24 + (-1 - 2). Suppose n = -3*k - s + 65. What are the prime factors of k?
17
Let d = 5957 + -3213. What are the prime factors of d?
2, 7
Let i = 31 - 25. List the prime factors of 11/(-33) + 230/i.
2, 19
Suppose -38*s = -43*s + 25. Suppose -f - s = -270. List the prime factors of f.
5, 53
Let f = -892 + 2215. What are the prime factors of f?
3, 7
Let h = 47 - 44. List the prime factors of h/(-1*2/(-12)).
2, 3
Suppose -26258 = -19*d + 760. List the prime factors of d.
2, 3, 79
Let w(t) = 35*t + 5. Let c(y) = 4*y - 20. Let h be c(7). Let z be w(h). Suppose -12*p + z = -7*p. What are the prime factors of p?
3, 19
Let o be (2/12)/(2/12). Suppose -a = 6 - o. Let p = 16 - a. List the prime factors of p.
3, 7
Suppose 2*i = 5*i. Suppose -w - 12 + 52 = i. What are the prime factors of w?
2, 5
Suppose 0 = -4*z + z - 4*o - 37, 16 = -z - 5*o. Suppose -k + 3 = 0, k - 6 = j - 32. Let p = z + j. What are the prime factors of p?
2, 3
Suppose -5*l = -r - 3050, -3*l = l + 4*r - 2464. What are the prime factors of l?
13, 47
Let p(j) = -110*j + 34. What are the prime factors of p(-6)?
2, 347
Let g = 6 - 3. Suppose g*s + 41 - 569 = 0. What are the prime factors of s?
2, 11
Let w(b) = -3*b. Let z be w(-10). Suppose -p = -3*c - 17, -z = 5*c + p - 3*p. List the prime factors of (-8)/4*(-19 - c).
2, 3, 5
Suppose -2*p - 3*z = -1577, z + 520 + 1061 = 2*p. List the prime factors of p.
2, 5, 79
Let y(l) = 202*l**2 + 15*l + 39. List the prime factors of y(-4).
13, 19
Let d = 30 - 28. Suppose -p + 77 = 2*h, p + d*p = 5*h - 198. What are the prime factors of h?
3, 13
Suppose -5*f + 6*g - 10*g + 3816 = 0, -1504 = -2*f + 4*g. What are the prime factors of f?
2, 5, 19
Let d(y) = -y**3 + y + 1. Let q(i) = 11*i**2 - 9*i - 5. Let n(m) = d(m) + q(m). Let s = -4 + 14. List the prime factors of n(s).
2
Let m be ((-793)/143)/(-1) + (-6)/11. Suppose 3*u + n = -0*u + 40, 4*u = -4*n + 56. Suppose 4*i - 3*i - b = 5, 2*i - u = m*b. What are the prime factors of i?
2
Suppose 2*g - 1268 = -y, g + 3*g = -3*y + 3802. List the prime factors of y.
2, 3, 211
Let p(l) = l**2 + 26*l + 4. Let x be p(-22). Let m = x - -214. What are the prime factors of m?
2, 5, 13
Let n = 333 + -188. What are the prime factors of n?
5, 29
Let k(v) = -v**3 - 4*v**2 + 3*v + 3. Let q be k(-3). Let r = 3 - q. Suppose 3*j = 66 + r. List the prime factors of j.
2, 7
What are the prime factors of ((-8)/6)/(-14 - 463330/(-33096))?
2, 197
Suppose -5*s - 1985 = -10*s. Let o = s - 258. List the prime factors of o.
139
Suppose 2*h + 2 = -u + 3*u, 0 = u - 3. Suppose -h*t = 2*j - 218, -3*t + 2*j + 343 = j. What are the prime factors of t?
113
Let j be (27/54)/((-1)/(-15*6)). Suppose 0*c = c - j. What are the prime factors of c?
3, 5
Let r be (-3)/(-2)*(-140)/(-21). List the prime factors of (-75)/(-25) + r + -1.
2, 3
Let f = 446 - 323. What are the prime factors of f?
3, 41
Let d = -916 - -2073. What are the prime factors of d?
13, 89
Let j = -34 + 38. Suppose 4*t - 712 = s, t + 2*t = -j*s + 553. What are the prime factors of t?
179
Let q(d) = 31*d + 10. Let y be q(-6). List the prime factors of y/(-4)*(-10)/(-8).
5, 11
Let q = 889 + -499. What are the prime factors of q?
2, 3, 5, 13
Suppose 2*h + 185 = -185. Let m = h - -122. Let b = m - -105. What are the prime factors of b?
2, 3, 7
What are the prime factors of (-3)/((-75)/29665) + 6/15?
1187
Let x(r) = r**3 + 4*r**2 - 5*r - 4. Let t be x(-5). List the prime factors of 6/12 - 782/t.
2, 7
Suppose -2*d = -4, w + 5*d - 248 = 3929. What are the prime factors of w?
3, 463
List the prime factors of (-16)/(-40) + -1 + (-8786)/(-10).
2, 439
Suppose -5*i = 15, -3*w - 2*i = i - 9. Suppose 0 = -w*v + 62 + 730. What are the prime factors of v?
2, 3, 11
Suppose 10*l = 13*l + 108. List the prime factors of (l/10)/((-1)/(-70)*-3).
2, 3, 7
List the prime factors of (488/(-12))/((-748)/372 - -2).
2, 31, 61
Let f = -1657 - -2545. What are the prime factors of f?
2, 3, 37
Let q = -1276 - -1817. List the prime factors of q.
541
Let d(l) = 2*l + 22. Let x be d(-11). Suppose 3*v - 10 - 86 = x. List the prime factors of v.
2
Let k(m) = m**2 + m - 27. Let f = 79 - 70. What are the prime factors of k(f)?
3, 7
Suppose -s = -5*l - 13 + 32, -4*l - 2*s = -18. Suppose -432 = -5*b - 2*v, 0 = -l*v - 0*v - 16. List the prime factors of b.
2, 11
Suppose 0 = y + 4*p + 19, 0*y - 5*y + 15 = -2*p. Suppose 0 = s + y + 3, 0 = -c - 2*s + 49. What are the prime factors of c?
3, 19
Suppose -42 = -2*w - 4*g, 2*w + 9*g = 4*g + 45. Suppose s = 109 - w. List the prime factors of s.
2, 47
Suppose 3*y - 3881 - 1327 = 0. List the prime factors of y.
2, 7, 31
Let u be (4 + -20)*-7*1/4. List the prime factors of 8*7/u + (1 - -256).
7, 37
Let k be (19038/19 - (-5 - -1)) + -2. Suppose -7*t + k = -3*t. What are the prime factors of t?
251
Suppose -3*q = -5*q + 4*v + 30, -2*q - 4*v = 2. Let k(t) = -3 + 6 + q + 0*t - 6*t. What are the prime factors of k(-6)?
2, 23
Let d(g) = -38*g - 283. List the prime factors of d(-14).
3, 83
Let s(j) = j**2 - 3*j - 6. Let k be s(5). Suppose 3*q - 134 = k. List the prime factors of q.
2, 23
Let h(f) = 2*f**3 - 78*f**2 + 40*f + 165. List the prime factors of h(39).
3, 5, 23
Let w(f) = 4*f - 26. Let d be w(7). Suppose 2*q + 3*c + 115 = 3*q, -d*q + 229 = -5*c. List the prime factors of q.
2, 7
Let w(u) = u**3 + 7*u**2 + 9*u - 5. Let i be w(-5). Suppose -5*k - 3*n + 376 = i, -2*k - 3*n = -139 - 6. List the prime factors of k.
7, 11
Suppose -3816 = 3*a + 9*a. What are the prime factors of (-3 - (-25)/10)*a?
3, 53
Let r(x) = 3*x**2 - 3*x - 17. Let i(a) = -2*a**2 + 2*a + 11. Let g(t) = -8*i(t) - 5*r(t). List the prime factors of g(-7).
53
Let a(x) = -x**3 - 15*x**2 + x + 17. Let s be a(-15). Let w(d) = 2 + 11*d**2 - 2*d - 14*d**s + 2*d**2. List the prime factors of w(-2).
2
Suppose -x = 3*r - 1, 4*r = 4*x - 3 - 1. Suppose 3*v - 1 + 4 = r, v = 4*d + 67. Let w = 29 + d. List the prime factors of w.
2, 3
Let u be 0/((-21)/(-9) + 2/(-6)). Suppose u = -9*i + 12*i - 126. What are the prime factors of i?
2, 3, 7
Let y(q) = q + 22. Let h be y(-12). Suppose 0 = h*g - 719 + 109. List the prime factors of g.
61
Suppose -2*q - 13943 = -5*o + 3508, 3*o - 5*q = 10482. What are the prime factors of o?
3, 1163
Let p be 3/2 - (1282/(-4) + 6). Suppose -3*f = -4*g + p, 364 = -2*g + 7*g + 4*f. List the prime factors of g.
2, 19
Let n be -3 + 9 - 2/2. Let o(r) = -10 + 6*r**2 - 2*r - n*r**2 + r. What are the prime factors of o(7)?
2
Suppose 3*b - 3214 = -5*k, -3*b - 2*k + 36 = -3172. List the prime factors of b.
2, 3, 89
Suppose -b - 4*w - 16 = -2*b, -2*b - 5*w + 71 = 0. List the prime factors of (-4)/b - 372/(-7).
53
Let i(j) = j. Let g be i(1). List the prime factors of 56/((4/g)/4).
2, 7
Let i(d) = 2*d**2 - 11*d + 22. What are the prime factors of i(-16)?
2, 5, 71
Let u(q) = 4*q + 5. Let g(n) = -n + 6. Let c be g(3). Suppose 3*d - i = 15, c*d - 2*i = -0*i + 18. What are the prime factors of u(d)?
3, 7
Suppose -12961 = -15*p + 11429. What are the prime factors of p?
2, 3, 271
Let v(x) = 2*x**3 - 24*x**2 - 21*x + 71. List the prime factors of v(17).
2, 3, 7, 31
Let w = 9 + -11. Let t = 15 